{"id":34,"date":"2024-08-27T11:18:02","date_gmt":"2024-08-27T11:18:02","guid":{"rendered":"https:\/\/myhorti.com\/?page_id=34"},"modified":"2024-10-06T11:07:22","modified_gmt":"2024-10-06T14:07:22","slug":"home","status":"publish","type":"page","link":"https:\/\/myhorti.com\/","title":{"rendered":"Home"},"content":{"rendered":"<p><img fetchpriority=\"high\" decoding=\"async\" width=\"300\" height=\"300\" src=\"https:\/\/myhorti.com\/wp-content\/uploads\/2024\/08\/logo-300x300.png\" alt=\"\" srcset=\"https:\/\/myhorti.com\/wp-content\/uploads\/2024\/08\/logo-300x300.png 300w, https:\/\/myhorti.com\/wp-content\/uploads\/2024\/08\/logo-150x150.png 150w, https:\/\/myhorti.com\/wp-content\/uploads\/2024\/08\/logo-768x768.png 768w, https:\/\/myhorti.com\/wp-content\/uploads\/2024\/08\/logo.png 918w\" sizes=\"(max-width: 300px) 100vw, 300px\" \/>\t\t\t\t\t\t\t\t\t\t\t\t\t<\/p>\n<h1>Sistema completo de gest\u00e3o<\/h1>\n<h5>Tudo que o produtor precisa em um s\u00f3 lugar!<\/h5>\n<h2>Nossas Ferramentas<\/h2>\n<h5>Um conjunto de funcionalides unidas para tornar o dia-a-dia mais f\u00e1cil!<\/h5>\n<figure><img decoding=\"async\" width=\"1024\" height=\"1024\" src=\"https:\/\/myhorti.com\/wp-content\/uploads\/2024\/08\/5ca5f8ad-d0fb-45e1-a6cf-c228bfe5bbff.jpeg\" alt=\"\" \/><\/figure>\n<h4>Pedidos<\/h4>\n<p>Ganhe tempo e agilidade,<br \/>\nevitando digitar sempre os<br \/>\nmesmos pedidos.<br \/>\nTenha tabelas individuais de produtos padr\u00f5es<br \/>\npre\u00e7os por cliente.<\/p>\n<figure><img decoding=\"async\" width=\"1024\" height=\"1024\" src=\"https:\/\/myhorti.com\/wp-content\/uploads\/2024\/08\/03f375f4-7e97-426e-b10d-4292cbc947e5.jpeg\" alt=\"\" \/><\/figure>\n<h4>Emiss\u00e3o de NFe<\/h4>\n<p>Emita NFe a partir dos pedidos,<br \/>\nindividualmente ou em bloco, em<br \/>\num click!<\/p>\n<figure><img loading=\"lazy\" decoding=\"async\" width=\"1024\" height=\"1024\" src=\"https:\/\/myhorti.com\/wp-content\/uploads\/2024\/08\/2798383c-f93e-494b-b714-9e18de635b7e.jpeg\" alt=\"\" \/><\/figure>\n<h4>Controle Financeiro<\/h4>\n<p>Contas a Pagar e a Receber.<br \/>\nRelat\u00f3rio de Resultados x<br \/>\nCustos<\/p>\n<figure><img loading=\"lazy\" decoding=\"async\" width=\"1024\" height=\"1024\" src=\"https:\/\/myhorti.com\/wp-content\/uploads\/2024\/08\/cdac6f33-2f95-4b95-aa6a-7bb05cbbe987.jpeg\" alt=\"\" \/><\/figure>\n<h4>Produ\u00e7\u00e3o<\/h4>\n<p>Controle de lotes, Relat\u00f3rio de Colheita<br \/>\n e Rastreabilidade<\/p>\n<h2>Nossa Tecnologia<\/h2>\n<h5>Uma plataforma na n\u00favem e com sincroniza\u00e7\u00e3o <\/br> para quando a internet n\u00e3o estiver dispon\u00edvel<\/h5>\n<p>\t\t\t\t\t\t\t\t\t\t\t\t\t<img loading=\"lazy\" decoding=\"async\" width=\"2538\" height=\"948\" src=\"https:\/\/myhorti.com\/wp-content\/uploads\/2024\/08\/myhorti_plataforma.png\" alt=\"\" srcset=\"https:\/\/myhorti.com\/wp-content\/uploads\/2024\/08\/myhorti_plataforma.png 2538w, https:\/\/myhorti.com\/wp-content\/uploads\/2024\/08\/myhorti_plataforma-300x112.png 300w, https:\/\/myhorti.com\/wp-content\/uploads\/2024\/08\/myhorti_plataforma-1024x382.png 1024w, https:\/\/myhorti.com\/wp-content\/uploads\/2024\/08\/myhorti_plataforma-768x287.png 768w, https:\/\/myhorti.com\/wp-content\/uploads\/2024\/08\/myhorti_plataforma-1536x574.png 1536w, https:\/\/myhorti.com\/wp-content\/uploads\/2024\/08\/myhorti_plataforma-2048x765.png 2048w\" sizes=\"(max-width: 2538px) 100vw, 2538px\" \/>\t\t\t\t\t\t\t\t\t\t\t\t\t<\/p>\n<h2>Fale conosco<\/h2>\n<p>\t\t\t\t<svg aria-hidden=\"true\" viewBox=\"0 0 576 512\" xmlns=\"http:\/\/www.w3.org\/2000\/svg\"><path d=\"M160 448c-25.6 0-51.2-22.4-64-32-64-44.8-83.2-60.8-96-70.4V480c0 17.67 14.33 32 32 32h256c17.67 0 32-14.33 32-32V345.6c-12.8 9.6-32 25.6-96 70.4-12.8 9.6-38.4 32-64 32zm128-192H32c-17.67 0-32 14.33-32 32v16c25.6 19.2 22.4 19.2 115.2 86.4 9.6 6.4 28.8 25.6 44.8 25.6s35.2-19.2 44.8-22.4c92.8-67.2 89.6-67.2 115.2-86.4V288c0-17.67-14.33-32-32-32zm256-96H224c-17.67 0-32 14.33-32 32v32h96c33.21 0 60.59 25.42 63.71 57.82l.29-.22V416h192c17.67 0 32-14.33 32-32V192c0-17.67-14.33-32-32-32zm-32 128h-64v-64h64v64zm-352-96c0-35.29 28.71-64 64-64h224V32c0-17.67-14.33-32-32-32H96C78.33 0 64 14.33 64 32v192h96v-32z\"><\/path><\/svg>\t\t\t\t<\/p>\n<h4>\n\t\t\t\t\t\t\tEmail<br \/>\n\t\t\t\t\t<\/h4>\n<p>\n\t\t\t\t\t\tcontato@myhorti.com\n\t\t\t\t\t<\/p>\n<p>\t\t\t<svg xmlns=\"http:\/\/www.w3.org\/2000\/svg\" xmlns:xlink=\"http:\/\/www.w3.org\/1999\/xlink\" fill=\"#000000\" height=\"800px\" width=\"800px\" id=\"Layer_1\" viewBox=\"0 0 512 512\" xml:space=\"preserve\"><g>\t<g>\t\t<path d=\"M456.42,330.944L322.553,197.078c-3.151-3.151-8.259-3.151-11.408,0l-2.957,2.957l-5.433-32.598l123.24-123.24   c3.151-3.151,3.151-8.259,0-11.408L395.571,2.363C394.058,0.85,392.006,0,389.867,0s-4.192,0.85-5.704,2.363L252.081,134.444   h-23.213c-8.019,0-14.808,5.632-16.344,13.453L97.415,32.787c-2.757-2.757-7.012-3.101-10.143-1.034   c-0.447,0.296-0.871,0.64-1.266,1.034L55.58,63.212c-1.513,1.512-2.363,3.565-2.363,5.704c0,2.139,0.85,4.192,2.363,5.704   l133.867,133.867c1.575,1.575,3.64,2.363,5.704,2.363c2.064,0,4.129-0.787,5.704-2.363l1.858-1.858l-7.606,45.636L86.005,361.368   c-3.151,3.151-3.151,8.259,0,11.408l30.424,30.425c1.512,1.513,3.565,2.363,5.704,2.363s4.192-0.85,5.704-2.363l50.537-50.536   l-23.867,143.2h-18.981c-4.455,0-8.067,3.612-8.067,8.067s3.612,8.067,8.067,8.067h240.947c4.455,0,8.067-3.612,8.067-8.067   s-3.612-8.067-8.067-8.067h-18.981l-36.037-216.219l93.13,93.13c1.378,1.379,3.131,2.153,4.931,2.326   c0.257,0.025,0.515,0.037,0.773,0.037c2.064,0,4.129-0.787,5.704-2.363l30.425-30.424c1.513-1.512,2.363-3.565,2.363-5.704   C458.783,334.508,457.933,332.457,456.42,330.944z M389.867,19.476l19.016,19.016L286.424,160.95l-19.015-19.015L389.867,19.476z    M278.637,191.554l10.095-10.095l5.434,32.597l-7.743,7.742l-7.787-7.786c1.687-3.385,2.64-7.197,2.64-11.229   C281.277,198.751,280.323,194.939,278.637,191.554z M228.338,151.029c0.044-0.26,0.267-0.45,0.53-0.45h24.368l21.779,21.779   l-7.787,7.786c-3.385-1.687-7.197-2.64-11.229-2.64s-7.844,0.954-11.229,2.64l-18.245-18.244L228.338,151.029z M265.143,202.783   c0,5.042-4.101,9.143-9.143,9.143s-9.143-4.102-9.143-9.143c0-5.042,4.101-9.143,9.143-9.143S265.143,197.741,265.143,202.783z    M222.343,187l3.233-3.233l7.787,7.786c-1.687,3.385-2.64,7.197-2.64,11.229s0.954,7.844,2.64,11.229l-18.625,18.625L222.343,187z    M195.152,191.373L72.694,68.916l19.015-19.016l122.457,122.457L195.152,191.373z M122.133,386.089l-19.015-19.015   l122.458-122.458l19.015,19.016L122.133,386.089z M273.748,495.865h-35.497v-26.354c0-9.786,7.962-17.748,17.748-17.748   s17.748,7.962,17.748,17.748V495.865z M341.135,495.865h-51.251v-26.354c0-18.683-15.2-33.883-33.883-33.883   c-18.683,0-33.883,15.2-33.883,33.883v26.354h-51.251l27.138-162.83l63.7-63.702c3.151-3.151,3.151-8.259,0-11.408l-24.72-24.72   l7.786-7.786c3.385,1.687,7.197,2.64,11.23,2.64c4.032,0,7.844-0.954,11.229-2.64l34.597,34.597L341.135,495.865z    M420.291,355.664L297.833,233.207l19.016-19.016l122.457,122.457L420.291,355.664z\"><\/path>\t<\/g><\/g><g>\t<g>\t\t<path d=\"M256,306.549c-4.455,0-8.067,3.612-8.067,8.067v8.605c0,4.455,3.612,8.067,8.067,8.067s8.067-3.612,8.067-8.067v-8.605   C264.067,310.161,260.455,306.549,256,306.549z\"><\/path>\t<\/g><\/g><g>\t<g>\t\t<path d=\"M256,358.181c-4.455,0-8.067,3.612-8.067,8.067v8.605c0,4.455,3.612,8.067,8.067,8.067s8.067-3.612,8.067-8.067v-8.605   C264.067,361.793,260.455,358.181,256,358.181z\"><\/path>\t<\/g><\/g><\/svg>\t\t\t<\/p>\n<h2>SOMOS UMA EMPRESA DE:<\/BR>HOLAMBRA &#8211; SP &#8211; BRASIL<\/h2>\n<h2>MYHORTI \u00c9 UM PRODUTO DA:<\/h2>\n<p>\t\t\t\t\t\t\t\t\t\t\t\t\t<img loading=\"lazy\" decoding=\"async\" width=\"386\" height=\"112\" src=\"https:\/\/myhorti.com\/wp-content\/uploads\/2024\/08\/BlueThinkLogo.png\" alt=\"\" srcset=\"https:\/\/myhorti.com\/wp-content\/uploads\/2024\/08\/BlueThinkLogo.png 386w, https:\/\/myhorti.com\/wp-content\/uploads\/2024\/08\/BlueThinkLogo-300x87.png 300w\" sizes=\"(max-width: 386px) 100vw, 386px\" \/>\t\t\t\t\t\t\t\t\t\t\t\t\t<\/p>\n<h2>BLUETHINK DATABASE SOLUTIONS<BR>www.bluethink.com.br<\/h2>\n","protected":false},"excerpt":{"rendered":"<p>Sistema completo de gest\u00e3o Tudo que o produtor precisa em um s\u00f3 lugar! Nossas Ferramentas Um conjunto de funcionalides unidas para tornar o dia-a-dia mais f\u00e1cil! Pedidos Ganhe tempo e agilidade, evitando digitar sempre os mesmos pedidos. Tenha tabelas individuais de produtos padr\u00f5es pre\u00e7os por cliente. Emiss\u00e3o de NFe Emita NFe a partir dos pedidos, [&hellip;]<\/p>\n","protected":false},"author":1,"featured_media":0,"parent":0,"menu_order":0,"comment_status":"closed","ping_status":"closed","template":"elementor_canvas","meta":{"_acf_changed":false,"footnotes":""},"class_list":["post-34","page","type-page","status-publish","hentry"],"acf":[],"_links":{"self":[{"href":"https:\/\/myhorti.com\/index.php?rest_route=\/wp\/v2\/pages\/34","targetHints":{"allow":["GET"]}}],"collection":[{"href":"https:\/\/myhorti.com\/index.php?rest_route=\/wp\/v2\/pages"}],"about":[{"href":"https:\/\/myhorti.com\/index.php?rest_route=\/wp\/v2\/types\/page"}],"author":[{"embeddable":true,"href":"https:\/\/myhorti.com\/index.php?rest_route=\/wp\/v2\/users\/1"}],"replies":[{"embeddable":true,"href":"https:\/\/myhorti.com\/index.php?rest_route=%2Fwp%2Fv2%2Fcomments&post=34"}],"version-history":[{"count":44,"href":"https:\/\/myhorti.com\/index.php?rest_route=\/wp\/v2\/pages\/34\/revisions"}],"predecessor-version":[{"id":152,"href":"https:\/\/myhorti.com\/index.php?rest_route=\/wp\/v2\/pages\/34\/revisions\/152"}],"wp:attachment":[{"href":"https:\/\/myhorti.com\/index.php?rest_route=%2Fwp%2Fv2%2Fmedia&parent=34"}],"curies":[{"name":"wp","href":"https:\/\/api.w.org\/{rel}","templated":true}]}}